{"id":9815,"date":"2023-06-16T12:37:49","date_gmt":"2023-06-16T10:37:49","guid":{"rendered":"https:\/\/entw.proetcon.de\/?page_id=9815"},"modified":"2025-02-12T14:11:16","modified_gmt":"2025-02-12T13:11:16","slug":"itzbund190623","status":"publish","type":"page","link":"https:\/\/entw.proetcon.de\/index.php\/news2023\/itzbund190623\/","title":{"rendered":"ITZBund190623"},"content":{"rendered":"<div id=\"pl-gb9815-69d2b77b47e0a\" class=\"panel-layout wp-block-siteorigin-panels-layout-block\"><div id=\"pg-gb9815-69d2b77b47e0a-0\" class=\"panel-grid panel-has-style\"><div class=\"panel-row-style panel-row-style-for-gb9815-69d2b77b47e0a-0\"><div id=\"pgc-gb9815-69d2b77b47e0a-0-0\" class=\"panel-grid-cell\"><div id=\"panel-gb9815-69d2b77b47e0a-0-0-0\" class=\"so-panel widget widget_siteorigin-panels-builder panel-first-child panel-last-child\" data-index=\"0\"><div id=\"pl-w67ac9df2174f4\" class=\"panel-layout wp-block-siteorigin-panels-layout-block\"><div id=\"pg-w67ac9df2174f4-0\" class=\"panel-grid panel-no-style\"><div id=\"pgc-w67ac9df2174f4-0-0\" class=\"panel-grid-cell\"><div id=\"panel-w67ac9df2174f4-0-0-0\" class=\"so-panel widget widget_text panel-first-child panel-last-child\" data-index=\"0\">\t\t\t<div class=\"textwidget\"><h4>19.06.2023 News<\/h4>\n<h2>pro et con erh\u00e4lt Auftrag f\u00fcr Reali\u00adsie\u00adrung des Online\u00adzu\u00adgangs\u00adge\u00adset\u00adzes f\u00fcr die Fachver\u00adfah\u00adren ZEBRA und BIBER des ITZBund<\/h2>\n<\/div>\n\t\t<\/div><\/div><\/div><div id=\"pg-w67ac9df2174f4-1\" class=\"panel-grid panel-no-style\"><div id=\"pgc-w67ac9df2174f4-1-0\" class=\"panel-grid-cell\"><div id=\"panel-w67ac9df2174f4-1-0-0\" class=\"so-panel widget widget_text panel-first-child panel-last-child\" data-index=\"1\">\t\t\t<div class=\"textwidget\"><p><a href=\"https:\/\/www.itzbund.de\" target=\"_blank\" rel=\"noopener\"><img decoding=\"async\" class=\"alignright wp-image-755 \" src=\"https:\/\/entw.proetcon.de\/wp-content\/uploads\/2020\/10\/itzbund-e1604045696125.png\" alt width=\"231\" height=\"135\"><\/a>Das Online\u00adzu\u00adgangs\u00adge\u00adsetz (OZG) vom 14. August 2017 verpflich\u00adtet Bund und L\u00e4nder, Verwal\u00adtungs\u00adleis\u00adtun\u00adgen elektro\u00adnisch \u00fcber Verwal\u00adtungs\u00adpor\u00adtale zug\u00e4ng\u00adlich zu machen.<\/p>\n<p>In Zusam\u00admen\u00adar\u00adbeit mit dem <a href=\"https:\/\/www.itzbund.de\">ITZBund<\/a> (Infor\u00adma\u00adti\u00adons\u00adtech\u00adnik\u00adzen\u00adtrum Bund), dem zentra\u00adlen IT-Diens\u00adt\u00ad\u00adleis\u00ad\u00adter des Bundes, wird pro et con die vierte Stufe des Online\u00adzu\u00adgangs\u00adge\u00adset\u00adzes f\u00fcr die Fachver\u00adfah\u00adren ZEBRA (Zentra\u00adli\u00adsie\u00adrung des Brennens unter Abfin\u00addung) und BIBER (Berech\u00adnung der Bier- und Brannt\u00adwein\u00adsteuer) reali\u00adsie\u00adren. Ziel ist die vollst\u00e4n\u00addige Digita\u00adli\u00adsie\u00adrung von Verwal\u00adtungs\u00adleis\u00adtun\u00adgen einschlie\u00df\u00adlich des automa\u00adti\u00adsier\u00adten Abrufs von bereits vorlie\u00adgen\u00adden Regis\u00adter\u00adnach\u00adwei\u00adsen der Nutze\u00adrin\u00adnen und Nutzer.<\/p>\n<p>pro et con hat bereits 2022 erfolg\u00adreich Stufe 3 reali\u00adsiert, indem es das Fachver\u00adfah\u00adren ZEBRA zur Kopplung an das Verwal\u00adtungs\u00adpor\u00adtal erwei\u00adterte (n\u00e4here Infor\u00adma\u00adtio\u00adnen siehe <a href=\"https:\/\/www.itzbund.de\/SharedDocs\/Kurzmeldungen\/DE\/2022-01-14_ZEBRA_Fachverfahren_OZG.html?nn=178514\" target=\"_blank\" rel=\"noopener\">Presse\u00admit\u00adtei\u00adlung des ITZBund<\/a> und in unseren <a href=\"https:\/\/proetcon.de\/index.php\/news\/itzbund240122\/\">News<\/a>). Seit diesem Zeitpunkt k\u00f6nnen Abfin\u00addungs\u00adan\u00admel\u00addun\u00adgen \u00fcber das B\u00fcrger- und Gesch\u00e4fts\u00adkun\u00adden\u00adpor\u00adtal ohne posta\u00adli\u00adsche Antr\u00e4ge online gestellt werden.<\/p>\n<p>Die interne Verar\u00adbei\u00adtung blieb jedoch zun\u00e4chst weitest\u00adge\u00adhend unver\u00ad\u00e4n\u00addert und ist damit noch mit einem erheb\u00adli\u00adchen manuel\u00adlen Aufwand verbun\u00adden. Dies soll sich nun in der vierten Ausbau\u00adstufe (OZG4) \u00e4ndern. Dann werden Daten aus dem Portal automa\u00adti\u00adsiert in die Fachver\u00adfah\u00adren \u00fcbernom\u00admen und verarbeitet.<\/p>\n<\/div>\n\t\t<\/div><\/div><div id=\"pgc-w67ac9df2174f4-1-1\" class=\"panel-grid-cell\"><div id=\"panel-w67ac9df2174f4-1-1-0\" class=\"so-panel widget widget_text panel-first-child panel-last-child\" data-index=\"2\">\t\t\t<div class=\"textwidget\"><p><img fetchpriority=\"high\" decoding=\"async\" class=\"size-full wp-image-7859 aligncenter\" src=\"https:\/\/entw.proetcon.de\/wp-content\/uploads\/2022\/02\/schnapsbrennerei.jpg\" alt width=\"1000\" height=\"1013\" srcset=\"https:\/\/entw.proetcon.de\/wp-content\/uploads\/2022\/02\/schnapsbrennerei.jpg 1000w, https:\/\/entw.proetcon.de\/wp-content\/uploads\/2022\/02\/schnapsbrennerei-296x300.jpg 296w, https:\/\/entw.proetcon.de\/wp-content\/uploads\/2022\/02\/schnapsbrennerei-768x778.jpg 768w\" sizes=\"(max-width: 1000px) 100vw, 1000px\"><\/p>\n<\/div>\n\t\t<\/div><\/div><\/div><\/div><\/div><\/div><\/div><\/div><div id=\"pg-gb9815-69d2b77b47e0a-1\" class=\"panel-grid panel-no-style\"><div id=\"pgc-gb9815-69d2b77b47e0a-1-0\" class=\"panel-grid-cell\"><div id=\"panel-gb9815-69d2b77b47e0a-1-0-0\" class=\"so-panel widget widget_text panel-first-child panel-last-child\" data-index=\"1\"><div class=\"panel-widget-style panel-widget-style-for-gb9815-69d2b77b47e0a-1-0-0\">\t\t\t<div class=\"textwidget\"><p><strong><a href=\"https:\/\/entw.proetcon.de\/index.php\/news2023\/\">ZUR\u00dcCK ZUM NEWS- UND PRESSE\u00adBE\u00adREICH&nbsp;2023<\/a><\/strong><\/p>\n<\/div>\n\t\t<\/div><\/div><\/div><\/div><\/div>\n\n\n<p><\/p>\n","protected":false},"excerpt":{"rendered":"<p>ZUR\u00dcCK ZUM NEWS- UND PRESSE\u00adBE\u00adREICH&nbsp;2023<\/p>\n","protected":false},"author":1,"featured_media":0,"parent":7510,"menu_order":6,"comment_status":"closed","ping_status":"closed","template":"","meta":{"inline_featured_image":false,"wp_typography_post_enhancements_disabled":false,"footnotes":""},"class_list":["post-9815","page","type-page","status-publish","hentry","no-thumb"],"aioseo_notices":[],"_links":{"self":[{"href":"https:\/\/entw.proetcon.de\/index.php\/wp-json\/wp\/v2\/pages\/9815","targetHints":{"allow":["GET"]}}],"collection":[{"href":"https:\/\/entw.proetcon.de\/index.php\/wp-json\/wp\/v2\/pages"}],"about":[{"href":"https:\/\/entw.proetcon.de\/index.php\/wp-json\/wp\/v2\/types\/page"}],"author":[{"embeddable":true,"href":"https:\/\/entw.proetcon.de\/index.php\/wp-json\/wp\/v2\/users\/1"}],"replies":[{"embeddable":true,"href":"https:\/\/entw.proetcon.de\/index.php\/wp-json\/wp\/v2\/comments?post=9815"}],"version-history":[{"count":0,"href":"https:\/\/entw.proetcon.de\/index.php\/wp-json\/wp\/v2\/pages\/9815\/revisions"}],"up":[{"embeddable":true,"href":"https:\/\/entw.proetcon.de\/index.php\/wp-json\/wp\/v2\/pages\/7510"}],"wp:attachment":[{"href":"https:\/\/entw.proetcon.de\/index.php\/wp-json\/wp\/v2\/media?parent=9815"}],"curies":[{"name":"wp","href":"https:\/\/api.w.org\/{rel}","templated":true}]}}