{"id":10731,"date":"2024-04-10T09:16:17","date_gmt":"2024-04-10T07:16:17","guid":{"rendered":"https:\/\/entw.proetcon.de\/?page_id=10731"},"modified":"2025-01-20T10:54:58","modified_gmt":"2025-01-20T09:54:58","slug":"jubilaeum100424","status":"publish","type":"page","link":"https:\/\/entw.proetcon.de\/index.php\/news2024\/jubilaeum100424\/","title":{"rendered":"Jubil\u00e4um100424"},"content":{"rendered":"<div id=\"pl-gb10731-69d2b5a937110\" class=\"panel-layout wp-block-siteorigin-panels-layout-block\"><div id=\"pg-gb10731-69d2b5a937110-0\" class=\"panel-grid panel-has-style\"><div class=\"panel-row-style panel-row-style-for-gb10731-69d2b5a937110-0\"><div id=\"pgc-gb10731-69d2b5a937110-0-0\" class=\"panel-grid-cell\"><div id=\"panel-gb10731-69d2b5a937110-0-0-0\" class=\"so-panel widget widget_text panel-first-child panel-last-child\" data-index=\"0\">\t\t\t<div class=\"textwidget\"><h4>10.04.2024 News<\/h4>\n<h2><strong>Wir feiern Firmen\u00adju\u00adbi\u00adl\u00e4um: 30 Jahre pro et&nbsp;con<\/strong><\/h2>\n<p><img fetchpriority=\"high\" decoding=\"async\" class=\"alignright\" src=\"https:\/\/entw.proetcon.de\/wp-content\/uploads\/2024\/04\/Logo_30_Jahre_pec.svg\" alt=\"Logo 30. Jubil\u00e4um pro et con\" width=\"472\" height=\"231\"><\/p>\n<p>Im April dieses Jahres ist es soweit: pro et con feiert sein 30-j\u00e4hri\u00ad\u00adges Bestehen. Dies werden wir am&nbsp;25.&nbsp;April&nbsp;2024 gemein\u00adsam mit Kunden und Partnern aus Forschung und Indus\u00adtrie festlich begehen.<\/p>\n<p>Was als Idee begann, wurde in 30&nbsp;Jahren zur Erfolgs\u00adge\u00adschichte: <strong>pro et con<\/strong> ist <strong>Techno\u00adlo\u00adgie\u00adf\u00fch\u00adrer<\/strong> f\u00fcr <a href=\"https:\/\/entw.proetcon.de\/index.php\/software-migration\/\">Software-Migration<\/a>. Wir besit\u00adzen das Know-how und die Werkzeuge, um komplexe Legacy-Systeme (histo\u00adrisch gewach\u00adsene Indivi\u00addu\u00adal\u00adsoft\u00adware) in moderne IT-Archi\u00ad\u00adtek\u00ad\u00adtu\u00ad\u00adren zu migrie\u00adren. Paral\u00adlel dazu bearbei\u00adten wir toolge\u00adst\u00fctzt seit vielen Jahren erfolg\u00adreich Digita\u00adli\u00adsie\u00adrungs\u00adpro\u00adjekte. Unser <strong>Allein\u00adstel\u00adlungs\u00admerk\u00admal<\/strong> besteht in der konse\u00adquen\u00adten Anwen\u00addung wissen\u00adschaft\u00adli\u00adcher Compi\u00ad\u00adler\u00ad\u00adbau-Metho\u00ad\u00adden bei der Techno\u00ad\u00adlo\u00ad\u00adgie- und Werkzeugentwicklung.<\/p>\n<p>Dies alles w\u00e4re ohne die partner\u00adschaft\u00adli\u00adche Zusam\u00admen\u00adar\u00adbeit mit unseren Kunden und Partnern nicht m\u00f6glich gewesen. Hierf\u00fcr m\u00f6chten wir uns bedan\u00adken. Wir freuen uns auf eine gemein\u00adsame Zukunft!<\/p>\n<p>Sehen Sie <a title=\"30 Jahre pro et con\" href=\"https:\/\/entw.proetcon.de\/index.php\/unternehmen\/30-jahre-pro-et-con\/\">hier<\/a> H\u00f6hepunkte und Meilen\u00adsteine unserer Firmengeschichte.<\/p>\n<\/div>\n\t\t<\/div><\/div><\/div><\/div><div id=\"pg-gb10731-69d2b5a937110-1\" class=\"panel-grid panel-has-style\"><div class=\"panel-row-style panel-row-style-for-gb10731-69d2b5a937110-1\"><div id=\"pgc-gb10731-69d2b5a937110-1-0\" class=\"panel-grid-cell\"><div id=\"panel-gb10731-69d2b5a937110-1-0-0\" class=\"so-panel widget widget_text panel-first-child panel-last-child\" data-index=\"1\">\t\t\t<div class=\"textwidget\"><p><a href=\"https:\/\/entw.proetcon.de\/index.php\/news2024\/\"><strong>ZUM NEWS- UND PRESSE\u00adBE\u00adREICH&nbsp;2024<\/strong><\/a><\/p>\n<\/div>\n\t\t<\/div><\/div><\/div><\/div><\/div>","protected":false},"excerpt":{"rendered":"<p>10.04.2024 News Wir feiern Firmen\u00adju\u00adbi\u00adl\u00e4um: 30 Jahre pro et con Im April dieses Jahres ist es soweit: pro et con feiert sein 30-j\u00e4hri\u00adges Bestehen. Dies werden wir am&nbsp;25.&nbsp;April&nbsp;2024 gemein\u00adsam mit Kunden und Partnern aus Forschung und Indus\u00adtrie festlich begehen. Was als Idee begann, wurde in 30&nbsp;Jahren zur Erfolgs\u00adge\u00adschichte: pro et con ist Techno\u00adlo\u00adgie\u00adf\u00fch\u00adrer f\u00fcr Software-Migration.Continue reading&nbsp;\u2192<\/p>\n","protected":false},"author":1,"featured_media":0,"parent":13217,"menu_order":0,"comment_status":"closed","ping_status":"closed","template":"","meta":{"inline_featured_image":false,"wp_typography_post_enhancements_disabled":false,"footnotes":""},"class_list":["post-10731","page","type-page","status-publish","hentry","no-thumb"],"aioseo_notices":[],"_links":{"self":[{"href":"https:\/\/entw.proetcon.de\/index.php\/wp-json\/wp\/v2\/pages\/10731","targetHints":{"allow":["GET"]}}],"collection":[{"href":"https:\/\/entw.proetcon.de\/index.php\/wp-json\/wp\/v2\/pages"}],"about":[{"href":"https:\/\/entw.proetcon.de\/index.php\/wp-json\/wp\/v2\/types\/page"}],"author":[{"embeddable":true,"href":"https:\/\/entw.proetcon.de\/index.php\/wp-json\/wp\/v2\/users\/1"}],"replies":[{"embeddable":true,"href":"https:\/\/entw.proetcon.de\/index.php\/wp-json\/wp\/v2\/comments?post=10731"}],"version-history":[{"count":0,"href":"https:\/\/entw.proetcon.de\/index.php\/wp-json\/wp\/v2\/pages\/10731\/revisions"}],"up":[{"embeddable":true,"href":"https:\/\/entw.proetcon.de\/index.php\/wp-json\/wp\/v2\/pages\/13217"}],"wp:attachment":[{"href":"https:\/\/entw.proetcon.de\/index.php\/wp-json\/wp\/v2\/media?parent=10731"}],"curies":[{"name":"wp","href":"https:\/\/api.w.org\/{rel}","templated":true}]}}